) = 131*k**3 - 56*k**2 - 7*k - 11. Let q(l) = -75*l**3 + 28*l**2 + 4*l + 5. Let u(f) = -7*q(f) - 4*s(f). What is u(-28)?
9
Let o(k) = -2 - 191*k + 2 + 192*k - 2. Let z = -72 - -63. Calculate o(z).
-11
Let c be (1188/(-154))/((2/98)/(-1)). Let b = 377 - c. Let l(g) = 44*g**2 - 2*g - 1. Calculate l(b).
45
Let y = -1 + 6. Suppose 5 = y*s - 45. Let n be 16/80 - (-8)/s. Let d(f) = -18*f**2 + 2*f - 1. Calculate d(n).
-17
Let t(y) be the third derivative of -y + 0 - 5/6*y**3 + 5/24*y**4 + 5*y**2 + 1/15*y**5 - 1/120*y**6. What is t(4)?
15
Suppose 29*k + 21 = 32*k + 2*f, 0 = -5*k - 5*f + 45. Let t(n) be the first derivative of -3*n**2 + n + 1. What is t(k)?
-17
Let h(r) = r - 1. Let v(z) = 10*z - 15. Let a be 2/11*(-319)/(-58). Let n be v(a). Determine h(n).
-6
Suppose -10*s + 64 = -6*s. Suppose 4*z = 5*c - 77, -z + 3*c = 6*c + 15. Let m = s + z. Let l(a) = -a**3 - 2*a + 1. Calculate l(m).
13
Suppose 4*l - 2*l - 4 = 0. Suppose 0 = -4*n + 4*x + 40, -2*x - 10 - l = -n. Let r be n/6*(7 + 119/(-14)). Let q(z) = 4*z + 3. Give q(r).
-5
Suppose -7611 = 47*f + 3293. Let a = f - -230. Let n(g) = g**3 + g**2 + 2*g + 3. Determine n(a).
-5
Let z(o) = -o**2 + o + 10. Let g(j) = j**2 + j. Let b(h) = -3*h**2 - 2*h + 10. Let n(u) = -b(u) - 2*g(u). Let d(q) = 5*n(q) + 6*z(q). Determine d(7).
3
Let x be (1 + -11)/2 + (432/(-9))/(-12). Let o(i) be the second derivative of i**3/3 + 4*i. Let m(w) = w. Let q(s) = -5*m(s) + 2*o(s). What is q(x)?
1
Let i(x) = -4*x + 67. Let h be i(17). Let y(b) = -26294 + 2*b + 26292 - 6*b**2 - 3*b. What is y(h)?
-7
Let i(g) = -25*g + 299. Suppose -2*w + m = -22, 5*w + 16*m = 12*m + 68. Determine i(w).
-1
Suppose 15 = 7*u + 4*x, -4*u + 2*x + 54 = 24. Let q(a) be the third derivative of 1/3*a**3 + 0*a + 0 + u*a**2 - 1/24*a**4. What is q(2)?
0
Let f(g) = g + 4. Let i be (-7 + 2)*12/(-30). Suppose 4*v = -4*n + 116, 5*n = -2*v - i*v + 121. Suppose -t + 5*t + v = 0. Calculate f(t).
-2
Let p(g) = -30*g - 241. Let l(d) = d + 76. Let h(c) = 4*l(c) + p(c). Give h(2).
11
Let j(f) = -40*f - 48. Let p be -9 + (-1 - 56/(-49)) + (-385)/(-49). What is j(p)?
-8
Let x be -3 + (-312)/(-10) - (-1)/(-5). Suppose -13*c + x = -37. Let u(g) = -g - 3. Determine u(c).
-8
Let x(r) = -r**2 - 5*r - 3. Let s(l) = l + 31. Let f(w) = w + 1. Let g(p) = 2*f(p) + s(p). Let a be g(-6). Suppose 2*m - 78 = a*m. What is x(m)?
-9
Let l(o) = -4*o - 4. Let c be l(1). Let y be -1*2*(-92)/c + -2. Let x = y - -24. Let h(f) = -2*f - 1. What is h(x)?
1
Let y(x) = -3*x + 2. Suppose 5*q = 7 + 8. Suppose o = q*o - t + 33, 43 = -2*o - t. Let g = o + 22. Determine y(g).
-7
Suppose p = 396 - 24. Let a(x) = 2 + 1 - 5 + 371*x - p*x - 1. Calculate a(-3).
0
Let y(j) = -9*j - 2. Let w be 20 - 21 - (-1 + 0). Suppose 3*g = -w - 6. What is y(g)?
16
Let f(s) be the second derivative of 2*s**3 - 77*s**2/2 + 58*s. Let u be f(6). Let b(n) = -n**2 - 8*n - 7. What is b(u)?
8
Let y(h) = -h**2 + 6*h - 2. Suppose 0 = 3*a - 5*g - 41, -a - 6*g = -g - 47. Suppose -13 + a = p. Let k be (1 - p)*2/(-4). Calculate y(k).
6
Let k = -83628 - -83639. Let s(t) = -5*t + 3*t - 8 + 3*t. Determine s(k).
3
Let d be (-5)/(-13 + 17 + -9). Let g(o) = 2*o - 9. Determine g(d).
-7
Let g be 1 + -1 + (-10 - (-8 + -1)). Let y(k) = -5*k**2 - 12*k + 4. Let m(u) = -u**2 - 4*u + 1. Let n(t) = g*y(t) + 4*m(t). Let s be (-3 - 0)*8/(-6). Give n(s).
0
Let y(m) = 7*m + 8. Let p be (1640/2460)/((-2)/12*1). What is y(p)?
-20
Let p(o) = o**3 + 3*o**2 + o + 1. Let a(v) = v**3 - 16*v**2 + 49*v - 17. Let h be a(12). Let m(f) = f**2 + 43*f + 188. Let j be m(h). Give p(j).
3
Let t(b) be the first derivative of b**2 - 3*b + 2. Suppose 44*a = 45*a - 42. Let w = a + -37. Give t(w).
7
Let f(s) be the second derivative of -5*s + 5/2*s**2 - 1/2*s**3 - 13. Give f(7).
-16
Let p(r) = 61*r + 19. Let k(q) = -21*q. Let s(h) = -3*k(h) - p(h). Determine s(5).
-9
Let t(d) = 37*d**2 - d + 2. Let p(x) = 117*x**2 + 88*x - 5. Let a(i) = -p(i) + 3*t(i). Calculate a(-15).
26
Suppose 0 = 2*b - k - 8, -2*k - 2 - 16 = -5*b. Let z(s) be the first derivative of 7*s**2/2 - s + 48859. What is z(b)?
13
Let r be 16*4/24*3. Let l be ((-150)/40)/((-6)/r). Let a(z) = z**3 - 4*z**2 - 6*z - 6. Determine a(l).
-11
Suppose 76*j - 75*j + 7 = 0. Let l(w) = -w**3 - 7*w**2 - 4. Let x be l(j). Let a(n) = 2*n**2 + 6*n - 4. Calculate a(x).
4
Let p(x) be the first derivative of -x**2/2 - 10*x + 2410. Give p(0).
-10
Let y(a) = 7*a + 1. Let h be -6*12/(-36) - 1/1. Suppose 4*p - 26 = -6. Let i be 2/p*5 - h. Give y(i).
8
Let d(l) = -l**2 + 3*l - 1. Let j be (0 - 0)*(8 - 153/18). Suppose -3*v = -3*w - 12, v + 3*w - 8 - 4 = j. Give d(v).
-19
Let v(x) be the second derivative of x**3 + 1/12*x**4 + 47*x + 0 - 5*x**2. Give v(-7).
-3
Suppose 12*n = 9 + 159. Let z(t) = -t**3 + 15*t**2 - 13*t - 8. Give z(n).
6
Let o(n) = -25*n**2 - 147*n + 14. Let t be o(-6). Let g(r) = -r**2 - 4*r - 5. What is g(t)?
-5
Suppose 3 = -7*q + 38. Suppose -14 = -4*l - i, q*l - 20 = -2*i - 4. Let x(k) = -k**3 + 6*k**2 - 3*k. Give x(l).
20
Suppose 0 = -n - 5*k + 12, n + k - 4*k - 4 = 0. Let a(t) = 4*t**2 + 482*t + 27. Let w(i) = 3*i**2 + 387*i + 21. Let x(c) = -4*a(c) + 5*w(c). What is x(n)?
-3
Let t(j) = -j**2 - 6*j + 29. Let f be t(-9). Let r(d) = -3 + 196*d + 190*d - d**f - 384*d. Calculate r(3).
-6
Let p be 350/20*20/7. Suppose 0 = 5*f - 10*f - p. Let s(d) = -d**3 - 11*d**2 - 9*d + 7. Let y be s(f). Let n(v) = -2*v**3 - 4*v**2 + 2*v + 4. What is n(y)?
16
Let p be 13/(2/2 + -2). Let v(w) be the first derivative of -w**4/4 - 14*w**3/3 - 11*w**2/2 + 18*w + 38903. Calculate v(p).
-8
Let r(t) = 4*t**3 + 273*t**2 + 66*t - 149. Let a be r(-68). Let c(s) = s**2 + 10*s - 1. Determine c(a).
38
Suppose 92 = v - 4*w, 17*v = 13*v + 4*w + 320. Let r = 74 - v. Let a(z) = 11*z + 2. Give a(r).
-20
Let s(i) = -i**2 - 5*i + 4. Suppose 0 = 4*m - 3*h - 131, 0 = 5*m - 5*h - 182 + 22. Suppose 5*b = -4*r - 31, b = 4*r + 2 + m. Determine s(r).
-32
Let o(v) = 1 + 10*v**2 - 97431*v + 97431*v. Let y be 1 + -1 + (4 - -1). Suppose y*a + 1 = 6. Calculate o(a).
11
Let z(b) = b. Let h(s) = 4*s + 1. Let m(d) = 2*h(d) - 7*z(d). Let p(j) = -2*j - 1. Let f(g) = -3*m(g) - 2*p(g). Give f(7).
3
Suppose -78*x - 252 + 39 = -7*x. Let y(t) be the first derivative of t**2/2 - 2. Determine y(x).
-3
Suppose -4*k + 129 = -k + 4*u, k - 41 = -2*u. Let w(s) = k - 109*s + 108*s - 54. Give w(-13).
6
Let g(r) = -629*r - 16 + 631*r + r**3 - 24424*r**2 + 24417*r**2. Suppose 0 = w + 2*w - 21. Calculate g(w).
-2
Let i(q) be the second derivative of 5*q**3/6 + 10*q**2 - 1302*q. Determine i(-8).
-20
Let i(v) = -76*v + 2582. Let q be i(34). Let z(h) = 2*h**3 + 2*h**2. Determine z(q).
-8
Let k be (20 - (-3584)/70) + 8/10. Suppose 5*i - 6 = 9. Suppose 6*a - k = -i*a. Let q(t) = 2*t - 10. Determine q(a).
6
Let m(w) = 4*w**2 + 6*w - 3. Let a(d) = -59*d - 175. Let f be a(-3). Calculate m(f).
25
Let o(m) be the third derivative of m**6/360 + m**5/30 - m**4/8 + m**3/3 + 5*m**2. Let i(s) be the first derivative of o(s). Let y = 1970 - 1976. Give i(y).
9
Let q = -103 + 79. Let t(h) = h**2 + 25*h + 4. Let z be t(q). Let j(a) = -a**3 - 21*a**2 - 21*a - 16. Give j(z).
4
Let m be (-6)/12*-4 + -2 - (73 + -12). Let u(h) = -3*h**2 - 180*h + 177. Calculate u(m).
-6
Let z(s) be the first derivative of -3*s + 495 - 1/2*s**2. Let b(w) = w**2 - w - 3. Let k be b(0). Give z(k).
0
Let o(j) = -13*j + 22. Suppose -6*q - 8 + 26 = 0. Calculate o(q).
-17
Let o(r) = 23*r - 90. Let w be o(4). Let d(t) = 11*t**2 - 9*t + 3. Let x(q) = -5*q**2 + 3*q - 1. Let g(z) = -2*d(z) - 5*x(z). Give g(w).
17
Suppose -5*t - 58 = -5*j - 23, -3*t = 5*j + 5. Let d(m) = -m**2 + 30. Calculate d(t).
5
Let c(j) = 3*j**2 - 17*j - 36. Let s be ((-826)/(-531))/(14/63). What is c(s)?
-8
Let t(w) be the second derivative of -6*w**3 + 221*w**2/2 + 1856*w. Determine t(6).
5
Let h(k) be the third derivative of k**4/6 - 24*k**2. Let u be h(9). Let j(f) = -32 + f**3 - 4*f - u + 65 + 3*f**2. What is j(-4)?
-3
Let f(z) = -z**3 + 15*z**2 - 14*z + 21. Let c be f(14). Suppose 18*j + 18 = c*j. Let r(t) = -2 + 2*t**2 + 6 + j*t - 1 - 2. Determine r(-4).
9
Let l = -6 - -11. Let d be (3 - l)/(-2) + 5. Let v(n) = -n + 14. Let c(s) = -4*s + 63. Let y(i) = -2*c(i) + 9*v(i). What is y(d)?
-6
Let m(l) be the third derivative of -29*l**5/60 - 161*l**2. Calcula